{"id":11349,"date":"2025-09-07T22:12:35","date_gmt":"2025-09-08T02:12:35","guid":{"rendered":"https:\/\/krem-studio-10fc169.ingress-daribow.ewp.live\/?post_type=product&#038;p=11349"},"modified":"2025-10-26T18:00:54","modified_gmt":"2025-10-26T22:00:54","slug":"placemats-individuales","status":"publish","type":"product","link":"https:\/\/krem-studio-1-12b1ea9.ingress-baronn.ewp.live\/?product=placemats-individuales","title":{"rendered":"Placemats (Individuales)"},"content":{"rendered":"<p data-start=\"5954\" data-end=\"6267\">Los individuales de mesa no solo protegen la mesa, sino que refuerzan la identidad de tu marca. En Krem Studio dise\u00f1amos individuales personalizados con materiales resistentes y dise\u00f1os atractivos, perfectos para sorprender a tus clientes y dejar una impresi\u00f3n memorable en cada comida.<\/p>\n","protected":false},"excerpt":{"rendered":"<p data-start=\"5608\" data-end=\"5673\">Dise\u00f1o y funcionalidad en cada comida.<\/p>\n<p data-start=\"5675\" data-end=\"5809\">Individuales de mesa personalizados para restaurantes, cafeter\u00edas y eventos, combinando estilo, durabilidad y comunicaci\u00f3n de marca.<\/p>\n<p data-start=\"5811\" data-end=\"5952\"><strong data-start=\"5811\" data-end=\"5826\">Ideal para:<\/strong><br data-start=\"5826\" data-end=\"5829\" \/>\u2714\ufe0f Restaurantes y caf\u00e9s<br data-start=\"5852\" data-end=\"5855\" \/>\u2714\ufe0f Eventos y banquetes<br data-start=\"5877\" data-end=\"5880\" \/>\u2714\ufe0f Hoteles y servicios de catering<br data-start=\"5914\" data-end=\"5917\" \/>\u2714\ufe0f Branding de marca gastron\u00f3mica<\/p>\n","protected":false},"featured_media":0,"template":"","meta":{"_monsterinsights_skip_tracking":false,"_monsterinsights_sitenote_active":false,"_monsterinsights_sitenote_note":"","_monsterinsights_sitenote_category":0},"product_brand":[],"product_cat":[320],"product_tag":[],"class_list":{"0":"post-11349","1":"product","2":"type-product","3":"status-publish","5":"product_cat-personalizados","7":"first","8":"instock","9":"taxable","10":"shipping-taxable","11":"purchasable","12":"product-type-simple"},"_links":{"self":[{"href":"https:\/\/krem-studio-1-12b1ea9.ingress-baronn.ewp.live\/index.php?rest_route=\/wp\/v2\/product\/11349","targetHints":{"allow":["GET"]}}],"collection":[{"href":"https:\/\/krem-studio-1-12b1ea9.ingress-baronn.ewp.live\/index.php?rest_route=\/wp\/v2\/product"}],"about":[{"href":"https:\/\/krem-studio-1-12b1ea9.ingress-baronn.ewp.live\/index.php?rest_route=\/wp\/v2\/types\/product"}],"wp:attachment":[{"href":"https:\/\/krem-studio-1-12b1ea9.ingress-baronn.ewp.live\/index.php?rest_route=%2Fwp%2Fv2%2Fmedia&parent=11349"}],"wp:term":[{"taxonomy":"product_brand","embeddable":true,"href":"https:\/\/krem-studio-1-12b1ea9.ingress-baronn.ewp.live\/index.php?rest_route=%2Fwp%2Fv2%2Fproduct_brand&post=11349"},{"taxonomy":"product_cat","embeddable":true,"href":"https:\/\/krem-studio-1-12b1ea9.ingress-baronn.ewp.live\/index.php?rest_route=%2Fwp%2Fv2%2Fproduct_cat&post=11349"},{"taxonomy":"product_tag","embeddable":true,"href":"https:\/\/krem-studio-1-12b1ea9.ingress-baronn.ewp.live\/index.php?rest_route=%2Fwp%2Fv2%2Fproduct_tag&post=11349"}],"curies":[{"name":"wp","href":"https:\/\/api.w.org\/{rel}","templated":true}]}}